{"id":7980,"date":"2024-10-29T16:17:14","date_gmt":"2024-10-29T15:17:14","guid":{"rendered":"https:\/\/www.christian-doppler.net\/?page_id=7980"},"modified":"2025-04-10T15:43:35","modified_gmt":"2025-04-10T13:43:35","slug":"o-fundo-christian-doppler","status":"publish","type":"page","link":"https:\/\/www.christian-doppler.net\/pt-pt\/o-fundo-christian-doppler\/","title":{"rendered":"O Fundo Christian Doppler"},"content":{"rendered":"\n<p>O &#8220;Fundo Christian Doppler&#8221; \u00e9 um fundo com personalidade jur\u00eddica pr\u00f3pria, conforme a Lei de Fundos e Funda\u00e7\u00f5es de Salzburgo (LGBl. Nr. 70\/1976), e tem a sua sede em Salzburgo. O fundo \u00e9 de utilidade p\u00fablica, sem fins lucrativos.<\/p>\n\n\n\n<h2 class=\"wp-block-heading\"><strong>Funda\u00e7\u00e3o e Objetivos<\/strong><\/h2>\n\n\n\n<p><strong>Funda\u00e7\u00e3o e Objetivos<br><\/strong>O Fundo Christian Doppler foi fundado em 1987 com o objetivo de homenagear a vida e a obra de Christian Doppler e de as tornar acess\u00edveis ao grande p\u00fablico.<br>Para esse fim, promove a realiza\u00e7\u00e3o de tarefas de investiga\u00e7\u00e3o, desenvolvimento e ensino para a ci\u00eancia e a economia austr\u00edacas, bem como a publica\u00e7\u00e3o e documenta\u00e7\u00e3o cient\u00edfica relacionadas. Al\u00e9m disso, apoia a forma\u00e7\u00e3o em atividades cient\u00edficas afins e a aplica\u00e7\u00e3o dos resultados obtidos.<\/p>\n\n\n\n<p>J\u00e1 em 1972, o Parlamento de Salzburgo havia considerado a cria\u00e7\u00e3o de uma &#8220;Funda\u00e7\u00e3o Christian Doppler&#8221; e decidido instituir o Pr\u00e9mio Christian Doppler. Christian Andreas Doppler, ao lado de Wolfgang Amadeus Mozart, \u00e9 a figura mais importante de Salzburgo reconhecida mundialmente. As descobertas cient\u00edficas revolucion\u00e1rias de Christian Doppler tornaram-se indispens\u00e1veis na nossa vida quotidiana, tanto pela sua import\u00e2ncia fundamental para as ci\u00eancias naturais, a tecnologia e a medicina, quanto pela sua dimens\u00e3o epistemol\u00f3gica, que molda a nossa vis\u00e3o moderna do mundo.<br>O Princ\u00edpio de Doppler \u00e9 a base de in\u00fameros campos de estudo: da astronomia, passando pela explora\u00e7\u00e3o espacial e pelos testes fundamentais da relatividade, at\u00e9 \u00e0 f\u00edsica dos materiais, din\u00e2mica de fluidos, biologia, medicina e teoria qu\u00e2ntica.<\/p>\n\n\n\n<p><a href=\"https:\/\/www.christian-doppler.net\/wp-content\/uploads\/T\u00e4tigkeitsbericht-Doppler_Folder_korr.pdf\" target=\"_blank\" rel=\"noreferrer noopener\">Relat\u00f3rio de Atividades | Fundo Doppler | 1987-2002<\/a><\/p>\n\n\n\n<p><a href=\"https:\/\/www.christian-doppler.net\/wp-content\/uploads\/Taetigkeitsbericht-30-Jahre-Dopplerfonds_Onlineversion.pdf\" target=\"_blank\" rel=\"noreferrer noopener\">Relat\u00f3rio de Atividades | Fundo Doppler | 2019 | 30 Anos do Fundo Christian Doppler <\/a><\/p>\n\n\n\n<h2 class=\"wp-block-heading\"><strong>O Efeito Milenar<\/strong><\/h2>\n\n\n\n<p>Albert Einstein cunhou uma frase importante no seu discurso em Salzburgo, no dia 21 de Setembro de 1909, quando falou publicamente pela primeira vez sobre a sua teoria da relatividade: <em>independentemente da forma que a teoria dos processos eletromagn\u00e9ticos venha a assumir, o Princ\u00edpio de Doppler ser\u00e1 sempre preservado.<\/em><br>Num discurso na Universidade de Salzburgo, em julho de 2007, o f\u00edsico Anton Zeilinger referiu-se ao Efeito Doppler como o &#8220;efeito milenar&#8221;.<br>At\u00e9 agora, 24 cientistas receberam o Pr\u00e9mio Nobel de F\u00edsica pelos seus trabalhos diretamente ou indiretamente relacionados com o Efeito Doppler.<\/p>\n\n\n\n<h2 class=\"wp-block-heading\"><strong>Estrutura Organizacional<\/strong><\/h2>\n\n\n\n<p>Os \u00f3rg\u00e3os do fundo s\u00e3o o Conselho Curador, o Diretor Executivo e o Conselho Consultivo.<br>Presidente: Univ. Prof. DI Dr. Maurizio Musso<br>Diretor Executivo: Dr. Christian Pruner: +43 662 8044 6253,&nbsp;christian.pruner@sbg.ac.at<br>Endere\u00e7o: Christian Doppler Fonds<br>Universidade de Salzburgo, Faculdade de Ci\u00eancias Naturais<br>Departamento de Qu\u00edmica e F\u00edsica dos Materiais<br>Jakob-Haringer-Stra\u00dfe 2a, A-5020 Salzburgo, \u00c1ustria<\/p>\n\n\n\n<p>Os atuais membros do Conselho Curador e do Conselho Consultivo est\u00e3o indicados na vers\u00e3o alem\u00e3 deste cap\u00edtulo.<\/p>\n\n\n\n<p>The activities of the Christian Doppler Foundation are supported by the State of Salzburg, the City of Salzburg and the Christian Doppler Society.<\/p>\n\n\n\n<div class=\"wp-block-columns is-layout-flex wp-container-core-columns-is-layout-9d6595d7 wp-block-columns-is-layout-flex\">\n<div class=\"wp-block-column is-layout-flow wp-block-column-is-layout-flow\"><div class=\"wp-block-image\">\n<figure class=\"aligncenter size-full is-resized\"><a href=\"https:\/\/www.salzburg.gv.at\/\" target=\"_blank\" rel=\" noreferrer noopener\"><img loading=\"lazy\" decoding=\"async\" width=\"200\" height=\"73\" src=\"https:\/\/www.christian-doppler.net\/wp-content\/uploads\/landsalzburg.png\" alt=\"Land Salzburg\" class=\"wp-image-567\" style=\"width:180px;height:auto\"\/><\/a><\/figure>\n<\/div><\/div>\n\n\n\n<div class=\"wp-block-column is-layout-flow wp-block-column-is-layout-flow\"><div class=\"wp-block-image\">\n<figure class=\"aligncenter size-full is-resized\"><a href=\"https:\/\/www.wissensstadt-salzburg.at\/\" target=\"_blank\" rel=\" noreferrer noopener\"><img loading=\"lazy\" decoding=\"async\" width=\"340\" height=\"156\" src=\"https:\/\/www.christian-doppler.net\/wp-content\/uploads\/Logo_wissensstadt.png\" alt=\"Wissensstadt Salzburg\" class=\"wp-image-8283\" style=\"width:172px;height:auto\" srcset=\"https:\/\/www.christian-doppler.net\/wp-content\/uploads\/Logo_wissensstadt.png 340w, https:\/\/www.christian-doppler.net\/wp-content\/uploads\/Logo_wissensstadt-300x138.png 300w\" sizes=\"auto, (max-width: 340px) 100vw, 340px\" \/><\/a><\/figure>\n<\/div><\/div>\n\n\n\n<div class=\"wp-block-column is-layout-flow wp-block-column-is-layout-flow\"><div class=\"wp-block-image\">\n<figure class=\"aligncenter size-full is-resized\"><a href=\"https:\/\/www.cdg.ac.at\/\" target=\"_blank\" rel=\" noreferrer noopener\"><img loading=\"lazy\" decoding=\"async\" width=\"303\" height=\"86\" src=\"https:\/\/www.christian-doppler.net\/wp-content\/uploads\/idP4JaK0pJ_logos.png\" alt=\"Christian Doppler Forschungsgesellschaft\" class=\"wp-image-8272\" style=\"width:246px;height:auto\" srcset=\"https:\/\/www.christian-doppler.net\/wp-content\/uploads\/idP4JaK0pJ_logos.png 303w, https:\/\/www.christian-doppler.net\/wp-content\/uploads\/idP4JaK0pJ_logos-300x85.png 300w\" sizes=\"auto, (max-width: 303px) 100vw, 303px\" \/><\/a><\/figure>\n<\/div><\/div>\n<\/div>\n","protected":false},"excerpt":{"rendered":"<p>O &#8220;Fundo Christian Doppler&#8221; \u00e9 um fundo com personalidade jur\u00eddica pr\u00f3pria, conforme a Lei de Fundos e Funda\u00e7\u00f5es de Salzburgo (LGBl. Nr. 70\/1976), e tem a sua sede em Salzburgo. O fundo \u00e9 de utilidade p\u00fablica, sem fins lucrativos. Funda\u00e7\u00e3o e Objetivos Funda\u00e7\u00e3o e ObjetivosO Fundo Christian Doppler foi fundado em 1987 com o objetivo de homenagear a vida e [&hellip;]<\/p>\n","protected":false},"author":1,"featured_media":0,"parent":0,"menu_order":0,"comment_status":"closed","ping_status":"closed","template":"","meta":{"_acf_changed":false,"advgb_blocks_editor_width":"","advgb_blocks_columns_visual_guide":"","footnotes":""},"class_list":["post-7980","page","type-page","status-publish","hentry"],"acf":[],"featured_image_urls_v2":{"full":"","thumbnail":"","medium":"","medium_large":"","large":"","timeline-express":"","timeline-express-thumbnail":"","1536x1536":"","2048x2048":""},"post_excerpt_stackable_v2":"<p>O &#8220;Fundo Christian Doppler&#8221; \u00e9 um fundo com personalidade jur\u00eddica pr\u00f3pria, conforme a Lei de Fundos e Funda\u00e7\u00f5es de Salzburgo (LGBl. Nr. 70\/1976), e tem a sua sede em Salzburgo. O fundo \u00e9 de utilidade p\u00fablica, sem fins lucrativos. Funda\u00e7\u00e3o e Objetivos Funda\u00e7\u00e3o e ObjetivosO Fundo Christian Doppler foi fundado em 1987 com o objetivo de homenagear a vida e a obra de Christian Doppler e de as tornar acess\u00edveis ao grande p\u00fablico.Para esse fim, promove a realiza\u00e7\u00e3o de tarefas de investiga\u00e7\u00e3o, desenvolvimento e ensino para a ci\u00eancia e a economia austr\u00edacas, bem como a publica\u00e7\u00e3o e documenta\u00e7\u00e3o cient\u00edfica relacionadas.&hellip;<\/p>\n","category_list_v2":"","author_info_v2":{"name":"Technik Admin","url":"https:\/\/www.christian-doppler.net\/pt-pt\/author\/wp_admin\/"},"comments_num_v2":"0 comments","coauthors":[],"author_meta":{"author_link":"https:\/\/www.christian-doppler.net\/pt-pt\/author\/wp_admin\/","display_name":"Technik Admin"},"relative_dates":{"created":"Posted 1 ano ago","modified":"Updated 1 ano ago"},"absolute_dates":{"created":"Posted on 29 de Outubro, 2024","modified":"Updated on 10 de Abril, 2025"},"absolute_dates_time":{"created":"Posted on 29 de Outubro, 2024 16:17","modified":"Updated on 10 de Abril, 2025 15:43"},"featured_img_caption":"","featured_img":false,"series_order":"","_links":{"self":[{"href":"https:\/\/www.christian-doppler.net\/pt-pt\/wp-json\/wp\/v2\/pages\/7980","targetHints":{"allow":["GET"]}}],"collection":[{"href":"https:\/\/www.christian-doppler.net\/pt-pt\/wp-json\/wp\/v2\/pages"}],"about":[{"href":"https:\/\/www.christian-doppler.net\/pt-pt\/wp-json\/wp\/v2\/types\/page"}],"author":[{"embeddable":true,"href":"https:\/\/www.christian-doppler.net\/pt-pt\/wp-json\/wp\/v2\/users\/1"}],"replies":[{"embeddable":true,"href":"https:\/\/www.christian-doppler.net\/pt-pt\/wp-json\/wp\/v2\/comments?post=7980"}],"version-history":[{"count":4,"href":"https:\/\/www.christian-doppler.net\/pt-pt\/wp-json\/wp\/v2\/pages\/7980\/revisions"}],"predecessor-version":[{"id":8310,"href":"https:\/\/www.christian-doppler.net\/pt-pt\/wp-json\/wp\/v2\/pages\/7980\/revisions\/8310"}],"wp:attachment":[{"href":"https:\/\/www.christian-doppler.net\/pt-pt\/wp-json\/wp\/v2\/media?parent=7980"}],"curies":[{"name":"wp","href":"https:\/\/api.w.org\/{rel}","templated":true}]}}

<p>O &#8220;Fundo Christian Doppler&#8221; é um fundo com personalidade jurídica própria, conforme a Lei de Fundos e Fundações de Salzburgo (LGBl. Nr. 70/1976), e tem a sua sede em Salzburgo. O fundo é de utilidade pública, sem fins lucrativos.</p>



<h2 class="wp-block-heading"><strong>Fundação e Objetivos</strong></h2>



<p><strong>Fundação e Objetivos<br></strong>O Fundo Christian Doppler foi fundado em 1987 com o objetivo de homenagear a vida e a obra de Christian Doppler e de as tornar acessíveis ao grande público.<br>Para esse fim, promove a realização de tarefas de investigação, desenvolvimento e ensino para a ciência e a economia austríacas, bem como a publicação e documentação científica relacionadas. Além disso, apoia a formação em atividades científicas afins e a aplicação dos resultados obtidos.</p>



<p>Já em 1972, o Parlamento de Salzburgo havia considerado a criação de uma &#8220;Fundação Christian Doppler&#8221; e decidido instituir o Prémio Christian Doppler. Christian Andreas Doppler, ao lado de Wolfgang Amadeus Mozart, é a figura mais importante de Salzburgo reconhecida mundialmente. As descobertas científicas revolucionárias de Christian Doppler tornaram-se indispensáveis na nossa vida quotidiana, tanto pela sua importância fundamental para as ciências naturais, a tecnologia e a medicina, quanto pela sua dimensão epistemológica, que molda a nossa visão moderna do mundo.<br>O Princípio de Doppler é a base de inúmeros campos de estudo: da astronomia, passando pela exploração espacial e pelos testes fundamentais da relatividade, até à física dos materiais, dinâmica de fluidos, biologia, medicina e teoria quântica.</p>



<p><a href="https://www.christian-doppler.net/wp-content/uploads/Tätigkeitsbericht-Doppler_Folder_korr.pdf" target="_blank" rel="noreferrer noopener">Relatório de Atividades | Fundo Doppler | 1987-2002</a></p>



<p><a href="https://www.christian-doppler.net/wp-content/uploads/Taetigkeitsbericht-30-Jahre-Dopplerfonds_Onlineversion.pdf" target="_blank" rel="noreferrer noopener">Relatório de Atividades | Fundo Doppler | 2019 | 30 Anos do Fundo Christian Doppler </a></p>



<h2 class="wp-block-heading"><strong>O Efeito Milenar</strong></h2>



<p>Albert Einstein cunhou uma frase importante no seu discurso em Salzburgo, no dia 21 de Setembro de 1909, quando falou publicamente pela primeira vez sobre a sua teoria da relatividade: <em>independentemente da forma que a teoria dos processos eletromagnéticos venha a assumir, o Princípio de Doppler será sempre preservado.</em><br>Num discurso na Universidade de Salzburgo, em julho de 2007, o físico Anton Zeilinger referiu-se ao Efeito Doppler como o &#8220;efeito milenar&#8221;.<br>Até agora, 24 cientistas receberam o Prémio Nobel de Física pelos seus trabalhos diretamente ou indiretamente relacionados com o Efeito Doppler.</p>



<h2 class="wp-block-heading"><strong>Estrutura Organizacional</strong></h2>



<p>Os órgãos do fundo são o Conselho Curador, o Diretor Executivo e o Conselho Consultivo.<br>Presidente: Univ. Prof. DI Dr. Maurizio Musso<br>Diretor Executivo: Dr. Christian Pruner: +43 662 8044 6253,&nbsp;christian.pruner@sbg.ac.at<br>Endereço: Christian Doppler Fonds<br>Universidade de Salzburgo, Faculdade de Ciências Naturais<br>Departamento de Química e Física dos Materiais<br>Jakob-Haringer-Straße 2a, A-5020 Salzburgo, Áustria</p>



<p>Os atuais membros do Conselho Curador e do Conselho Consultivo estão indicados na versão alemã deste capítulo.</p>



<p>The activities of the Christian Doppler Foundation are supported by the State of Salzburg, the City of Salzburg and the Christian Doppler Society.</p>



<div class="wp-block-columns is-layout-flex wp-container-core-columns-is-layout-9d6595d7 wp-block-columns-is-layout-flex">
<div class="wp-block-column is-layout-flow wp-block-column-is-layout-flow"><div class="wp-block-image">
<figure class="aligncenter size-full is-resized"><a href="https://www.salzburg.gv.at/" target="_blank" rel=" noreferrer noopener"><img loading="lazy" decoding="async" width="200" height="73" src="https://www.christian-doppler.net/wp-content/uploads/landsalzburg.png" alt="Land Salzburg" class="wp-image-567" style="width:180px;height:auto"/></a></figure>
</div></div>



<div class="wp-block-column is-layout-flow wp-block-column-is-layout-flow"><div class="wp-block-image">
<figure class="aligncenter size-full is-resized"><a href="https://www.wissensstadt-salzburg.at/" target="_blank" rel=" noreferrer noopener"><img loading="lazy" decoding="async" width="340" height="156" src="https://www.christian-doppler.net/wp-content/uploads/Logo_wissensstadt.png" alt="Wissensstadt Salzburg" class="wp-image-8283" style="width:172px;height:auto" srcset="https://www.christian-doppler.net/wp-content/uploads/Logo_wissensstadt.png 340w, https://www.christian-doppler.net/wp-content/uploads/Logo_wissensstadt-300x138.png 300w" sizes="auto, (max-width: 340px) 100vw, 340px" /></a></figure>
</div></div>



<div class="wp-block-column is-layout-flow wp-block-column-is-layout-flow"><div class="wp-block-image">
<figure class="aligncenter size-full is-resized"><a href="https://www.cdg.ac.at/" target="_blank" rel=" noreferrer noopener"><img loading="lazy" decoding="async" width="303" height="86" src="https://www.christian-doppler.net/wp-content/uploads/idP4JaK0pJ_logos.png" alt="Christian Doppler Forschungsgesellschaft" class="wp-image-8272" style="width:246px;height:auto" srcset="https://www.christian-doppler.net/wp-content/uploads/idP4JaK0pJ_logos.png 303w, https://www.christian-doppler.net/wp-content/uploads/idP4JaK0pJ_logos-300x85.png 300w" sizes="auto, (max-width: 303px) 100vw, 303px" /></a></figure>
</div></div>
</div>

<p>O &#8220;Fundo Christian Doppler&#8221; é um fundo com personalidade jurídica própria, conforme a Lei de Fundos e Fundações de Salzburgo (LGBl. Nr. 70/1976), e tem a sua sede em Salzburgo. O fundo é de utilidade pública, sem fins lucrativos. Fundação e Objetivos Fundação e ObjetivosO Fundo Christian Doppler foi fundado em 1987 com o objetivo de homenagear a vida e [&hellip;]</p>

<p>O &#8220;Fundo Christian Doppler&#8221; é um fundo com personalidade jurídica própria, conforme a Lei de Fundos e Fundações de Salzburgo (LGBl. Nr. 70/1976), e tem a sua sede em Salzburgo. O fundo é de utilidade pública, sem fins lucrativos. Fundação e Objetivos Fundação e ObjetivosO Fundo Christian Doppler foi fundado em 1987 com o objetivo de homenagear a vida e a obra de Christian Doppler e de as tornar acessíveis ao grande público.Para esse fim, promove a realização de tarefas de investigação, desenvolvimento e ensino para a ciência e a economia austríacas, bem como a publicação e documentação científica relacionadas.&hellip;</p>
