{"id":7914,"date":"2024-10-29T13:29:33","date_gmt":"2024-10-29T12:29:33","guid":{"rendered":"https:\/\/www.christian-doppler.net\/?page_id=7914"},"modified":"2024-10-29T13:29:34","modified_gmt":"2024-10-29T12:29:34","slug":"karl-kreil-4-11-1798-em-ried-im-innkreis-21-12-1862-em-viena","status":"publish","type":"page","link":"https:\/\/www.christian-doppler.net\/pt-pt\/karl-kreil-4-11-1798-em-ried-im-innkreis-21-12-1862-em-viena\/","title":{"rendered":"Karl Kreil (4.11.1798 em Ried im Innkreis \u2013 21.12.1862 em Viena)"},"content":{"rendered":"\n<p><strong>Karl Kreil (4.11.1798 em Ried im Innkreis \u2013 21.12.1862 em Viena)<br><\/strong>Kreil frequentou o Stiftsgymnasium em Kremsm\u00fcnster de 1810 a 1819, onde j\u00e1 ajudava em observa\u00e7\u00f5es astron\u00f3micas e meteorol\u00f3gicas no observat\u00f3rio local, sob a supervis\u00e3o de P. B. Schwarzenbrunner. De 1819 a 1827, estudou na Universidade de Viena, come\u00e7ando com dois anos de direito, e depois matem\u00e1tica, f\u00edsica e astronomia. Em 1827, tornou-se assistente de Littrow no Observat\u00f3rio de Viena, e em 1831 foi contratado pelo Observat\u00f3rio de Brera, em Mil\u00e3o, onde em 1836 come\u00e7ou a fazer medi\u00e7\u00f5es geomagn\u00e9ticas. Em 1838, foi nomeado adjunto e, em 1845, diretor do Observat\u00f3rio de Praga. Ele esfor\u00e7ou-se para restaurar o observat\u00f3rio, que estava em decad\u00eancia, comprando instrumentos com os seus pr\u00f3prios fundos. Embora tivesse de instalar o observat\u00f3rio num local comum, num ano e meio ele tornou-se o segundo melhor observat\u00f3rio, atr\u00e1s apenas do de G\u00f6ttingen. As suas observa\u00e7\u00f5es renderam-lhe o mais alto reconhecimento de figuras como Gauss, Humboldt e Sir J. Herschel. Kreil tem o m\u00e9rito de ter conduzido os primeiros levantamentos magn\u00e9ticos n\u00e3o apenas na \u00c1ustria, mas tamb\u00e9m nos Balc\u00e3s, Turquia e regi\u00f5es do Adri\u00e1tico. Ele forneceu o material para a cria\u00e7\u00e3o de uma teoria do geomagnetismo. Em Praga, elaborou um plano para uma rede de observa\u00e7\u00f5es meteorol\u00f3gicas e, na falta de colaboradores, dedicou-se \u00e0 constru\u00e7\u00e3o de registradores de press\u00e3o atmosf\u00e9rica, temperatura, vento, humidade e precipita\u00e7\u00e3o.<\/p>\n\n\n\n<p>Desde 1847, foi membro da Academia de Ci\u00eancias de Viena. Em 1851, assumiu o cargo de primeiro diretor da rec\u00e9m-criada Central de Meteorologia e Geomagnetismo de Viena, sendo simultaneamente nomeado professor de f\u00edsica na universidade. Recebeu ainda a tarefa de \u201cproferir palestras na Universidade de Viena sobre os resultados de suas pesquisas, na medida em que as suas obriga\u00e7\u00f5es como diretor do Instituto Meteorol\u00f3gico permitissem\u201d. Com isso, come\u00e7ou uma nova era. Kreil tornou-se o fundador da grande tradi\u00e7\u00e3o da meteorologia austr\u00edaca e do geomagnetismo.<\/p>\n\n\n\n<h2 class=\"wp-block-heading\">Karl Kreil e Christian Doppler<\/h2>\n\n\n\n<p>Kreil esteve presente tanto na sess\u00e3o da se\u00e7\u00e3o de matem\u00e1tica em 5 de Novembro de 1840, quando Doppler participou pela primeira vez, quanto na segunda sess\u00e3o, em 3 de Dezembro de 1840, quando Doppler fez cr\u00edticas ao ensaio de Kulik. Kreil assistiu a todas as palestras subsequentes de Doppler, exceto \u00e0quela em que Doppler apresentou o princ\u00edpio que mais tarde levaria seu nome. No entanto, assim como Bolzano, Kreil apoiou esse princ\u00edpio de maneira incondicional e, no\u00a0<em>Anu\u00e1rio Astron\u00f3mico e Meteorol\u00f3gico de Praga, Terceiro Ano 1844<\/em>, publicou um artigo intitulado\u00a0<em>A explica\u00e7\u00e3o de Doppler sobre a luz colorida das estrelas duplas e de alguns outros corpos celestes<\/em>, no qual fez tentativas de comprovar o princ\u00edpio por meio de evid\u00eancias ac\u00fasticas. Ele usou o exemplo das ferrovias para introduzir grandes velocidades terrestres, antecipando teoricamente as experi\u00eancias do f\u00edsico holand\u00eas Buys-Ballot em 1845.<\/p>\n\n\n\n<p>Na revista\u00a0<em>\u00d6sterreichische Bl\u00e4tter f\u00fcr Literatur und Kunst<\/em>\u00a0de 1845, Kreil escreveu um elogio incomum a Doppler, intitulado\u00a0<em>As realiza\u00e7\u00f5es cient\u00edficas de Christian Doppler<\/em>. Era incomum porque a revista nunca antes, nem depois, publicou o retrato de um cientista ainda vivo. Ele afirmava:\u00a0<em>\u201cOs trabalhos de Doppler s\u00e3o inconfund\u00edveis, e cada um tem o seu valor peculiar, pois eles chamam a aten\u00e7\u00e3o para alguma verdade que escapou \u00e0s pesquisas anteriores e dela derivam, atrav\u00e9s das dedu\u00e7\u00f5es mais perspicazes e muitas vezes surpreendentes, as aplica\u00e7\u00f5es mais \u00fateis para o bem comum.\u201d<\/em><\/p>\n\n\n\n<p>Kreil tamb\u00e9m estava presente quando Doppler, em 20 de maio de 1846, na reuni\u00e3o da &#8220;Se\u00e7\u00e3o de Ci\u00eancias Naturais e Matem\u00e1tica Aplicada&#8221;, apresentou um trabalho, possivelmente na sua primeira vers\u00e3o, que seria descoberto mais tarde pelo seu neto, Adolf Doppler, entre os seus pertences. O protocolo registra:\u00a0<em>\u201cO Sr. Doppler fez uma apresenta\u00e7\u00e3o livre sobre a possibilidade de determinar experimentalmente tanto os estados absolutos quanto o n\u00famero absoluto das mol\u00e9culas constituintes de um corpo s\u00f3lido.\u201d<\/em><\/p>\n\n\n\n<p>Em 1851, Kreil casou-se com Mathilde von Pfl\u00fcgl, irm\u00e3 de Hermann von Pfl\u00fcgl. Hermann era casado, em segundas n\u00fapcias, com Mathilde Doppler, a filha mais velha de Christian Doppler. Assim, Kreil tornou-se cunhado da filha de Doppler. Ap\u00f3s a morte de Doppler, em 1853, Kreil tornou-se co-tutor dos filhos de Doppler, auxiliando-os na educa\u00e7\u00e3o e, possivelmente, financeiramente em algumas ocasi\u00f5es.<\/p>\n\n\n\n<p>Kreil tamb\u00e9m escreveu um importante obitu\u00e1rio de Doppler na\u00a0<em>Zeitschrift der Gymnasien<\/em>. L\u00e1, ele relata:\u00a0<em>\u201cO famoso astr\u00f4nomo brit\u00e2nico Herschel enviou a Christian Doppler, como sinal de reconhecimento pela sua engenhosa descoberta, a rara e valiosa obra que cont\u00e9m as suas observa\u00e7\u00f5es astron\u00f4micas feitas no observat\u00f3rio do Cabo.\u201d<\/em>\u00a0Esta \u00e9 a \u00fanica informa\u00e7\u00e3o que temos sobre esse not\u00e1vel reconhecimento internacional. O livro de Sir John Frederick William Herschel intitula-se\u00a0<em>Resultados das Observa\u00e7\u00f5es Astron\u00f4micas Feitas no Cabo da Boa Esperan\u00e7a<\/em>\u00a0e foi publicado em 1847 em Londres. Ele apresenta a descoberta de uma s\u00e9rie de estrelas duplas.<\/p>\n\n\n\n<p>Dr. Peter Maria Schuster, 2017<\/p>\n","protected":false},"excerpt":{"rendered":"<p>Karl Kreil (4.11.1798 em Ried im Innkreis \u2013 21.12.1862 em Viena)Kreil frequentou o Stiftsgymnasium em Kremsm\u00fcnster de 1810 a 1819, onde j\u00e1 ajudava em observa\u00e7\u00f5es astron\u00f3micas e meteorol\u00f3gicas no observat\u00f3rio local, sob a supervis\u00e3o de P. B. Schwarzenbrunner. De 1819 a 1827, estudou na Universidade de Viena, come\u00e7ando com dois anos de direito, e depois matem\u00e1tica, f\u00edsica e astronomia. Em [&hellip;]<\/p>\n","protected":false},"author":1,"featured_media":0,"parent":0,"menu_order":0,"comment_status":"closed","ping_status":"closed","template":"","meta":{"_acf_changed":false,"advgb_blocks_editor_width":"","advgb_blocks_columns_visual_guide":"","footnotes":""},"class_list":["post-7914","page","type-page","status-publish","hentry"],"acf":[],"featured_image_urls_v2":{"full":"","thumbnail":"","medium":"","medium_large":"","large":"","timeline-express":"","timeline-express-thumbnail":"","1536x1536":"","2048x2048":""},"post_excerpt_stackable_v2":"<p>Karl Kreil (4.11.1798 em Ried im Innkreis \u2013 21.12.1862 em Viena)Kreil frequentou o Stiftsgymnasium em Kremsm\u00fcnster de 1810 a 1819, onde j\u00e1 ajudava em observa\u00e7\u00f5es astron\u00f3micas e meteorol\u00f3gicas no observat\u00f3rio local, sob a supervis\u00e3o de P. B. Schwarzenbrunner. De 1819 a 1827, estudou na Universidade de Viena, come\u00e7ando com dois anos de direito, e depois matem\u00e1tica, f\u00edsica e astronomia. Em 1827, tornou-se assistente de Littrow no Observat\u00f3rio de Viena, e em 1831 foi contratado pelo Observat\u00f3rio de Brera, em Mil\u00e3o, onde em 1836 come\u00e7ou a fazer medi\u00e7\u00f5es geomagn\u00e9ticas. Em 1838, foi nomeado adjunto e, em 1845, diretor do Observat\u00f3rio de&hellip;<\/p>\n","category_list_v2":"","author_info_v2":{"name":"Technik Admin","url":"https:\/\/www.christian-doppler.net\/pt-pt\/author\/wp_admin\/"},"comments_num_v2":"0 comments","coauthors":[],"author_meta":{"author_link":"https:\/\/www.christian-doppler.net\/pt-pt\/author\/wp_admin\/","display_name":"Technik Admin"},"relative_dates":{"created":"Posted 2 anos ago","modified":"Updated 2 anos ago"},"absolute_dates":{"created":"Posted on 29 de Outubro, 2024","modified":"Updated on 29 de Outubro, 2024"},"absolute_dates_time":{"created":"Posted on 29 de Outubro, 2024 13:29","modified":"Updated on 29 de Outubro, 2024 13:29"},"featured_img_caption":"","featured_img":false,"series_order":"","_links":{"self":[{"href":"https:\/\/www.christian-doppler.net\/pt-pt\/wp-json\/wp\/v2\/pages\/7914","targetHints":{"allow":["GET"]}}],"collection":[{"href":"https:\/\/www.christian-doppler.net\/pt-pt\/wp-json\/wp\/v2\/pages"}],"about":[{"href":"https:\/\/www.christian-doppler.net\/pt-pt\/wp-json\/wp\/v2\/types\/page"}],"author":[{"embeddable":true,"href":"https:\/\/www.christian-doppler.net\/pt-pt\/wp-json\/wp\/v2\/users\/1"}],"replies":[{"embeddable":true,"href":"https:\/\/www.christian-doppler.net\/pt-pt\/wp-json\/wp\/v2\/comments?post=7914"}],"version-history":[{"count":2,"href":"https:\/\/www.christian-doppler.net\/pt-pt\/wp-json\/wp\/v2\/pages\/7914\/revisions"}],"predecessor-version":[{"id":7916,"href":"https:\/\/www.christian-doppler.net\/pt-pt\/wp-json\/wp\/v2\/pages\/7914\/revisions\/7916"}],"wp:attachment":[{"href":"https:\/\/www.christian-doppler.net\/pt-pt\/wp-json\/wp\/v2\/media?parent=7914"}],"curies":[{"name":"wp","href":"https:\/\/api.w.org\/{rel}","templated":true}]}}

<p><strong>Karl Kreil (4.11.1798 em Ried im Innkreis – 21.12.1862 em Viena)<br></strong>Kreil frequentou o Stiftsgymnasium em Kremsmünster de 1810 a 1819, onde já ajudava em observações astronómicas e meteorológicas no observatório local, sob a supervisão de P. B. Schwarzenbrunner. De 1819 a 1827, estudou na Universidade de Viena, começando com dois anos de direito, e depois matemática, física e astronomia. Em 1827, tornou-se assistente de Littrow no Observatório de Viena, e em 1831 foi contratado pelo Observatório de Brera, em Milão, onde em 1836 começou a fazer medições geomagnéticas. Em 1838, foi nomeado adjunto e, em 1845, diretor do Observatório de Praga. Ele esforçou-se para restaurar o observatório, que estava em decadência, comprando instrumentos com os seus próprios fundos. Embora tivesse de instalar o observatório num local comum, num ano e meio ele tornou-se o segundo melhor observatório, atrás apenas do de Göttingen. As suas observações renderam-lhe o mais alto reconhecimento de figuras como Gauss, Humboldt e Sir J. Herschel. Kreil tem o mérito de ter conduzido os primeiros levantamentos magnéticos não apenas na Áustria, mas também nos Balcãs, Turquia e regiões do Adriático. Ele forneceu o material para a criação de uma teoria do geomagnetismo. Em Praga, elaborou um plano para uma rede de observações meteorológicas e, na falta de colaboradores, dedicou-se à construção de registradores de pressão atmosférica, temperatura, vento, humidade e precipitação.</p>



<p>Desde 1847, foi membro da Academia de Ciências de Viena. Em 1851, assumiu o cargo de primeiro diretor da recém-criada Central de Meteorologia e Geomagnetismo de Viena, sendo simultaneamente nomeado professor de física na universidade. Recebeu ainda a tarefa de “proferir palestras na Universidade de Viena sobre os resultados de suas pesquisas, na medida em que as suas obrigações como diretor do Instituto Meteorológico permitissem”. Com isso, começou uma nova era. Kreil tornou-se o fundador da grande tradição da meteorologia austríaca e do geomagnetismo.</p>



<h2 class="wp-block-heading">Karl Kreil e Christian Doppler</h2>



<p>Kreil esteve presente tanto na sessão da seção de matemática em 5 de Novembro de 1840, quando Doppler participou pela primeira vez, quanto na segunda sessão, em 3 de Dezembro de 1840, quando Doppler fez críticas ao ensaio de Kulik. Kreil assistiu a todas as palestras subsequentes de Doppler, exceto àquela em que Doppler apresentou o princípio que mais tarde levaria seu nome. No entanto, assim como Bolzano, Kreil apoiou esse princípio de maneira incondicional e, no <em>Anuário Astronómico e Meteorológico de Praga, Terceiro Ano 1844</em>, publicou um artigo intitulado <em>A explicação de Doppler sobre a luz colorida das estrelas duplas e de alguns outros corpos celestes</em>, no qual fez tentativas de comprovar o princípio por meio de evidências acústicas. Ele usou o exemplo das ferrovias para introduzir grandes velocidades terrestres, antecipando teoricamente as experiências do físico holandês Buys-Ballot em 1845.</p>



<p>Na revista <em>Österreichische Blätter für Literatur und Kunst</em> de 1845, Kreil escreveu um elogio incomum a Doppler, intitulado <em>As realizações científicas de Christian Doppler</em>. Era incomum porque a revista nunca antes, nem depois, publicou o retrato de um cientista ainda vivo. Ele afirmava: <em>“Os trabalhos de Doppler são inconfundíveis, e cada um tem o seu valor peculiar, pois eles chamam a atenção para alguma verdade que escapou às pesquisas anteriores e dela derivam, através das deduções mais perspicazes e muitas vezes surpreendentes, as aplicações mais úteis para o bem comum.”</em></p>



<p>Kreil também estava presente quando Doppler, em 20 de maio de 1846, na reunião da &#8220;Seção de Ciências Naturais e Matemática Aplicada&#8221;, apresentou um trabalho, possivelmente na sua primeira versão, que seria descoberto mais tarde pelo seu neto, Adolf Doppler, entre os seus pertences. O protocolo registra: <em>“O Sr. Doppler fez uma apresentação livre sobre a possibilidade de determinar experimentalmente tanto os estados absolutos quanto o número absoluto das moléculas constituintes de um corpo sólido.”</em></p>



<p>Em 1851, Kreil casou-se com Mathilde von Pflügl, irmã de Hermann von Pflügl. Hermann era casado, em segundas núpcias, com Mathilde Doppler, a filha mais velha de Christian Doppler. Assim, Kreil tornou-se cunhado da filha de Doppler. Após a morte de Doppler, em 1853, Kreil tornou-se co-tutor dos filhos de Doppler, auxiliando-os na educação e, possivelmente, financeiramente em algumas ocasiões.</p>



<p>Kreil também escreveu um importante obituário de Doppler na <em>Zeitschrift der Gymnasien</em>. Lá, ele relata: <em>“O famoso astrônomo britânico Herschel enviou a Christian Doppler, como sinal de reconhecimento pela sua engenhosa descoberta, a rara e valiosa obra que contém as suas observações astronômicas feitas no observatório do Cabo.”</em> Esta é a única informação que temos sobre esse notável reconhecimento internacional. O livro de Sir John Frederick William Herschel intitula-se <em>Resultados das Observações Astronômicas Feitas no Cabo da Boa Esperança</em> e foi publicado em 1847 em Londres. Ele apresenta a descoberta de uma série de estrelas duplas.</p>



<p>Dr. Peter Maria Schuster, 2017</p>

<p>Karl Kreil (4.11.1798 em Ried im Innkreis – 21.12.1862 em Viena)Kreil frequentou o Stiftsgymnasium em Kremsmünster de 1810 a 1819, onde já ajudava em observações astronómicas e meteorológicas no observatório local, sob a supervisão de P. B. Schwarzenbrunner. De 1819 a 1827, estudou na Universidade de Viena, começando com dois anos de direito, e depois matemática, física e astronomia. Em [&hellip;]</p>

<p>Karl Kreil (4.11.1798 em Ried im Innkreis – 21.12.1862 em Viena)Kreil frequentou o Stiftsgymnasium em Kremsmünster de 1810 a 1819, onde já ajudava em observações astronómicas e meteorológicas no observatório local, sob a supervisão de P. B. Schwarzenbrunner. De 1819 a 1827, estudou na Universidade de Viena, começando com dois anos de direito, e depois matemática, física e astronomia. Em 1827, tornou-se assistente de Littrow no Observatório de Viena, e em 1831 foi contratado pelo Observatório de Brera, em Milão, onde em 1836 começou a fazer medições geomagnéticas. Em 1838, foi nomeado adjunto e, em 1845, diretor do Observatório de&hellip;</p>
